{"id":141,"date":"2015-08-26T08:43:58","date_gmt":"2015-08-26T06:43:58","guid":{"rendered":"http:\/\/poledanceaddict.net\/site\/?page_id=141"},"modified":"2025-10-22T12:55:15","modified_gmt":"2025-10-22T11:55:15","slug":"cours-techniques","status":"publish","type":"page","link":"https:\/\/poledanceaddict.net\/site\/?page_id=141","title":{"rendered":"Cours de pole dance"},"content":{"rendered":"\n<p class=\"has-text-align-center has-sitebg-color has-accent-1-background-color has-text-color has-background has-normal-font-size\">Les cours techniques sont LES COURS DE POLE PAR EXCELLENCE. Les niveaux sont not\u00e9s de 1 (nv initiation) \u00e0 6 (nv avanc\u00e9). <\/p>\n\n\n\n<p class=\"has-text-align-center\">En cours technique, vous apprendrez les\u00a0bases\u00a0de la Pole Dance et acquerrez la\u00a0force\u00a0n\u00e9cessaire pour r\u00e9aliser des figures techniques. Vos abdominaux, bras et vos \u00e9paules seront particuli\u00e8rement renforc\u00e9s. Pour retrouver <a href=\"https:\/\/poledanceaddict.net\/site\/?page_id=286\">le planning rdv sur la page planning de notre site.<\/a><\/p>\n\n\n\n<p class=\"has-text-align-center has-sitebg-color has-text-color has-background\" style=\"background-color:#a2c817\">Si je n\u2019ai jamais fait de pole dance je suis de niveau 1,  je peux m\u2019inscrire aux stages initiation et aux cours comportant le niveau 1 <\/p>\n\n\n<div class=\"wp-block-image\">\n<figure class=\"aligncenter size-full\"><img loading=\"lazy\" decoding=\"async\" width=\"200\" height=\"200\" src=\"https:\/\/poledanceaddict.net\/site\/wp-content\/uploads\/2023\/09\/pda38_bulle_200_18.png\" alt=\"\" class=\"wp-image-2063\" srcset=\"https:\/\/poledanceaddict.net\/site\/wp-content\/uploads\/2023\/09\/pda38_bulle_200_18.png 200w, https:\/\/poledanceaddict.net\/site\/wp-content\/uploads\/2023\/09\/pda38_bulle_200_18-150x150.png 150w\" sizes=\"auto, (max-width: 200px) 100vw, 200px\" \/><\/figure>\n<\/div>\n\n\n<div style=\"height:30px\" aria-hidden=\"true\" class=\"wp-block-spacer\"><\/div>\n\n\n\n<p class=\"has-text-align-center has-sitebg-color has-accent-2-background-color has-text-color has-background\">D\u00e9roulement du cours de pole dance :<\/p>\n\n\n\n<p class=\"has-text-align-center\">\u00c9chauffement de dur\u00e9e adapt\u00e9e au niveau du cours, \u00e9tirements, apprentissage et pratique technique de figures.<br>Vous n\u2019avez jamais pratiqu\u00e9 la pole dance ? Choisissez de pr\u00e9f\u00e9rence un cours de niveaux 1 ou 1-2, ces cours \u00e9tant r\u00e9serv\u00e9s aux novices.<\/p>\n\n\n\n<p class=\"has-text-align-center has-sitebg-color has-accent-2-background-color has-text-color has-background\">Stages Initiation \u00e0 venir : <strong>Pour d\u00e9buter la pole dance<\/strong> : Stage Sp\u00e9cial Initiation prix sp\u00e9cial 10 E avec le code \u00ab\u00a0JeTeste\u00a0\u00bb<\/p>\n\n\n\n<p class=\"has-text-align-center has-sitebg-color has-accent-2-background-color has-text-color has-background\"><strong>OU BIEN VOUS POUVEZ DEBUTER SUR LES COURS HEBDOMADAIRES :  sur tous les cours contenant un niveau 1 dans leur appellation<\/strong><\/p>\n\n\n\n<p>\u2728Envie de sortir de ta zone de confort et de d\u00e9couvrir une activit\u00e9 qui te fera te sentir plus fort(e) et confiant(e) ?\u2728*<\/p>\n\n\n\n<p>La pole dance, c\u2019est bien plus qu\u2019un sport. C\u2019est un voyage vers le d\u00e9passement de soi, une mani\u00e8re unique de se reconnecter \u00e0 son corps tout en s\u2019amusant. <\/p>\n\n\n\n<p>Que tu sois compl\u00e8tement d\u00e9butant(e) ou que tu cherches simplement une nouvelle fa\u00e7on de bouger, notre stage d\u2019initiation est fait pour toi ! <\/p>\n\n\n\n<p> Dans notre \u00e9cole, bienveillance, entraide et bonne humeur sont au rendez-vous. <br>Avec nos profs passionn\u00e9s et une ambiance chaleureuse, tu vas te surprendre \u00e0 r\u00e9aliser des figures que tu n\u2019aurais jamais imagin\u00e9es.<\/p>\n\n\n\n<p>Tu n\u2019as besoin d\u2019aucune exp\u00e9rience pr\u00e9alable, juste l\u2019envie de t\u2019amuser et de te d\u00e9passer !<\/p>\n\n\n\n<p>\u27a1\ufe0f Rejoins-nous pour un stage d\u2019initiation inoubliable et d\u00e9couvre la magie de la pole dance ! (les lundis 17h30 Claix, Mercredis 17h45 Meylan, Saint Egreve ou demande d\u2019autre cr\u00e9neaux sur demande par mail<br>Les places sont limit\u00e9es, alors <a href=\"https:\/\/poledanceaddict.net\/site\/?page_id=1931\">inscris-toi vite<\/a>.<\/p>\n\n\n\n<div style=\"height:30px\" aria-hidden=\"true\" class=\"wp-block-spacer\"><\/div>\n\n\n\n<p class=\"has-text-align-center has-sitebg-color has-accent-2-background-color has-text-color has-background\">STAGES A THEME : <strong> Faites le plein de stages chez Pole Dance Addict ! <\/strong><\/p>\n\n\n\n<hr class=\"wp-block-separator has-alpha-channel-opacity\"\/>\n\n\n\n<div class=\"wp-block-group is-layout-grid wp-container-core-group-is-layout-9649a0d9 wp-block-group-is-layout-grid\">\n<div class=\"wp-block-columns is-layout-flex wp-container-core-columns-is-layout-9d6595d7 wp-block-columns-is-layout-flex\">\n<div class=\"wp-block-column is-layout-flow wp-block-column-is-layout-flow\" style=\"flex-basis:100%\">\n<figure class=\"wp-block-image size-large\"><img loading=\"lazy\" decoding=\"async\" width=\"1024\" height=\"1024\" src=\"https:\/\/poledanceaddict.net\/site\/wp-content\/uploads\/2025\/10\/Copie-de-Blue-and-Green-Colorful-Summer-Instagram-Post.zip-1-1024x1024.png\" alt=\"\" class=\"wp-image-2950\" srcset=\"https:\/\/poledanceaddict.net\/site\/wp-content\/uploads\/2025\/10\/Copie-de-Blue-and-Green-Colorful-Summer-Instagram-Post.zip-1-1024x1024.png 1024w, https:\/\/poledanceaddict.net\/site\/wp-content\/uploads\/2025\/10\/Copie-de-Blue-and-Green-Colorful-Summer-Instagram-Post.zip-1-300x300.png 300w, https:\/\/poledanceaddict.net\/site\/wp-content\/uploads\/2025\/10\/Copie-de-Blue-and-Green-Colorful-Summer-Instagram-Post.zip-1-150x150.png 150w, https:\/\/poledanceaddict.net\/site\/wp-content\/uploads\/2025\/10\/Copie-de-Blue-and-Green-Colorful-Summer-Instagram-Post.zip-1-768x768.png 768w, https:\/\/poledanceaddict.net\/site\/wp-content\/uploads\/2025\/10\/Copie-de-Blue-and-Green-Colorful-Summer-Instagram-Post.zip-1.png 1080w\" sizes=\"auto, (max-width: 1024px) 100vw, 1024px\" \/><\/figure>\n<\/div>\n<\/div>\n\n\n\n<figure class=\"wp-block-image size-large\"><img loading=\"lazy\" decoding=\"async\" width=\"1024\" height=\"1024\" src=\"https:\/\/poledanceaddict.net\/site\/wp-content\/uploads\/2025\/10\/Copie-de-Blue-and-Green-Colorful-Summer-Instagram-Post.zip-2-1024x1024.png\" alt=\"\" class=\"wp-image-2951\" srcset=\"https:\/\/poledanceaddict.net\/site\/wp-content\/uploads\/2025\/10\/Copie-de-Blue-and-Green-Colorful-Summer-Instagram-Post.zip-2-1024x1024.png 1024w, https:\/\/poledanceaddict.net\/site\/wp-content\/uploads\/2025\/10\/Copie-de-Blue-and-Green-Colorful-Summer-Instagram-Post.zip-2-300x300.png 300w, https:\/\/poledanceaddict.net\/site\/wp-content\/uploads\/2025\/10\/Copie-de-Blue-and-Green-Colorful-Summer-Instagram-Post.zip-2-150x150.png 150w, https:\/\/poledanceaddict.net\/site\/wp-content\/uploads\/2025\/10\/Copie-de-Blue-and-Green-Colorful-Summer-Instagram-Post.zip-2-768x768.png 768w, https:\/\/poledanceaddict.net\/site\/wp-content\/uploads\/2025\/10\/Copie-de-Blue-and-Green-Colorful-Summer-Instagram-Post.zip-2.png 1080w\" sizes=\"auto, (max-width: 1024px) 100vw, 1024px\" \/><\/figure>\n\n\n\n<figure class=\"wp-block-image size-large\"><img loading=\"lazy\" decoding=\"async\" width=\"1024\" height=\"1024\" src=\"https:\/\/poledanceaddict.net\/site\/wp-content\/uploads\/2025\/10\/IMG_0968-1-1024x1024.jpg\" alt=\"\" class=\"wp-image-2952\" srcset=\"https:\/\/poledanceaddict.net\/site\/wp-content\/uploads\/2025\/10\/IMG_0968-1-1024x1024.jpg 1024w, https:\/\/poledanceaddict.net\/site\/wp-content\/uploads\/2025\/10\/IMG_0968-1-300x300.jpg 300w, https:\/\/poledanceaddict.net\/site\/wp-content\/uploads\/2025\/10\/IMG_0968-1-150x150.jpg 150w, https:\/\/poledanceaddict.net\/site\/wp-content\/uploads\/2025\/10\/IMG_0968-1-768x768.jpg 768w, https:\/\/poledanceaddict.net\/site\/wp-content\/uploads\/2025\/10\/IMG_0968-1-1536x1536.jpg 1536w, https:\/\/poledanceaddict.net\/site\/wp-content\/uploads\/2025\/10\/IMG_0968-1.jpg 1654w\" sizes=\"auto, (max-width: 1024px) 100vw, 1024px\" \/><\/figure>\n\n\n\n<figure class=\"wp-block-image size-large\"><img loading=\"lazy\" decoding=\"async\" width=\"1024\" height=\"1024\" src=\"https:\/\/poledanceaddict.net\/site\/wp-content\/uploads\/2025\/10\/0C745D54-CE1F-44DE-8C8D-8B9746C56AB0-2-1024x1024.jpg\" alt=\"\" class=\"wp-image-2953\" srcset=\"https:\/\/poledanceaddict.net\/site\/wp-content\/uploads\/2025\/10\/0C745D54-CE1F-44DE-8C8D-8B9746C56AB0-2-1024x1024.jpg 1024w, https:\/\/poledanceaddict.net\/site\/wp-content\/uploads\/2025\/10\/0C745D54-CE1F-44DE-8C8D-8B9746C56AB0-2-300x300.jpg 300w, https:\/\/poledanceaddict.net\/site\/wp-content\/uploads\/2025\/10\/0C745D54-CE1F-44DE-8C8D-8B9746C56AB0-2-150x150.jpg 150w, https:\/\/poledanceaddict.net\/site\/wp-content\/uploads\/2025\/10\/0C745D54-CE1F-44DE-8C8D-8B9746C56AB0-2-768x768.jpg 768w, https:\/\/poledanceaddict.net\/site\/wp-content\/uploads\/2025\/10\/0C745D54-CE1F-44DE-8C8D-8B9746C56AB0-2.jpg 1191w\" sizes=\"auto, (max-width: 1024px) 100vw, 1024px\" \/><\/figure>\n\n\n\n<figure class=\"wp-block-image size-large\"><img loading=\"lazy\" decoding=\"async\" width=\"819\" height=\"1024\" src=\"https:\/\/poledanceaddict.net\/site\/wp-content\/uploads\/2025\/10\/babb86b6-2530-4378-9269-98be3b563272-1-819x1024.jpg\" alt=\"\" class=\"wp-image-2954\" srcset=\"https:\/\/poledanceaddict.net\/site\/wp-content\/uploads\/2025\/10\/babb86b6-2530-4378-9269-98be3b563272-1-819x1024.jpg 819w, https:\/\/poledanceaddict.net\/site\/wp-content\/uploads\/2025\/10\/babb86b6-2530-4378-9269-98be3b563272-1-240x300.jpg 240w, https:\/\/poledanceaddict.net\/site\/wp-content\/uploads\/2025\/10\/babb86b6-2530-4378-9269-98be3b563272-1-768x960.jpg 768w, https:\/\/poledanceaddict.net\/site\/wp-content\/uploads\/2025\/10\/babb86b6-2530-4378-9269-98be3b563272-1.jpg 1080w\" sizes=\"auto, (max-width: 819px) 100vw, 819px\" \/><\/figure>\n\n\n\n<figure class=\"wp-block-image size-large\"><img loading=\"lazy\" decoding=\"async\" width=\"724\" height=\"1024\" src=\"https:\/\/poledanceaddict.net\/site\/wp-content\/uploads\/2025\/10\/IMG_0656-2-724x1024.jpg\" alt=\"\" class=\"wp-image-2955\" srcset=\"https:\/\/poledanceaddict.net\/site\/wp-content\/uploads\/2025\/10\/IMG_0656-2-724x1024.jpg 724w, https:\/\/poledanceaddict.net\/site\/wp-content\/uploads\/2025\/10\/IMG_0656-2-212x300.jpg 212w, https:\/\/poledanceaddict.net\/site\/wp-content\/uploads\/2025\/10\/IMG_0656-2-768x1086.jpg 768w, https:\/\/poledanceaddict.net\/site\/wp-content\/uploads\/2025\/10\/IMG_0656-2-1086x1536.jpg 1086w, https:\/\/poledanceaddict.net\/site\/wp-content\/uploads\/2025\/10\/IMG_0656-2-1449x2048.jpg 1449w, https:\/\/poledanceaddict.net\/site\/wp-content\/uploads\/2025\/10\/IMG_0656-2.jpg 1588w\" sizes=\"auto, (max-width: 724px) 100vw, 724px\" \/><\/figure>\n<\/div>\n\n\n\n<div class=\"wp-block-columns is-layout-flex wp-container-core-columns-is-layout-9d6595d7 wp-block-columns-is-layout-flex\">\n<div class=\"wp-block-column is-layout-flow wp-block-column-is-layout-flow\"><\/div>\n\n\n\n<div class=\"wp-block-column is-layout-flow wp-block-column-is-layout-flow\"><\/div>\n\n\n\n<div class=\"wp-block-column is-layout-flow wp-block-column-is-layout-flow\"><\/div>\n<\/div>\n\n\n\n<hr class=\"wp-block-separator has-alpha-channel-opacity\"\/>\n\n\n<div class=\"wp-block-image\">\n<figure class=\"aligncenter size-full\"><img loading=\"lazy\" decoding=\"async\" width=\"200\" height=\"200\" src=\"https:\/\/poledanceaddict.net\/site\/wp-content\/uploads\/2023\/09\/pda38_bulle_200_14.png\" alt=\"\" class=\"wp-image-2061\" srcset=\"https:\/\/poledanceaddict.net\/site\/wp-content\/uploads\/2023\/09\/pda38_bulle_200_14.png 200w, https:\/\/poledanceaddict.net\/site\/wp-content\/uploads\/2023\/09\/pda38_bulle_200_14-150x150.png 150w\" sizes=\"auto, (max-width: 200px) 100vw, 200px\" \/><\/figure>\n<\/div>","protected":false},"excerpt":{"rendered":"<p>Les cours techniques sont LES COURS DE POLE PAR EXCELLENCE. Les niveaux sont not\u00e9s de 1 (nv initiation) \u00e0 6 (nv avanc\u00e9). En cours technique, &hellip;<\/p>\n","protected":false},"author":1,"featured_media":0,"parent":513,"menu_order":0,"comment_status":"closed","ping_status":"closed","template":"","meta":{"footnotes":""},"class_list":["post-141","page","type-page","status-publish","hentry"],"_links":{"self":[{"href":"https:\/\/poledanceaddict.net\/site\/index.php?rest_route=\/wp\/v2\/pages\/141","targetHints":{"allow":["GET"]}}],"collection":[{"href":"https:\/\/poledanceaddict.net\/site\/index.php?rest_route=\/wp\/v2\/pages"}],"about":[{"href":"https:\/\/poledanceaddict.net\/site\/index.php?rest_route=\/wp\/v2\/types\/page"}],"author":[{"embeddable":true,"href":"https:\/\/poledanceaddict.net\/site\/index.php?rest_route=\/wp\/v2\/users\/1"}],"replies":[{"embeddable":true,"href":"https:\/\/poledanceaddict.net\/site\/index.php?rest_route=%2Fwp%2Fv2%2Fcomments&post=141"}],"version-history":[{"count":98,"href":"https:\/\/poledanceaddict.net\/site\/index.php?rest_route=\/wp\/v2\/pages\/141\/revisions"}],"predecessor-version":[{"id":2956,"href":"https:\/\/poledanceaddict.net\/site\/index.php?rest_route=\/wp\/v2\/pages\/141\/revisions\/2956"}],"up":[{"embeddable":true,"href":"https:\/\/poledanceaddict.net\/site\/index.php?rest_route=\/wp\/v2\/pages\/513"}],"wp:attachment":[{"href":"https:\/\/poledanceaddict.net\/site\/index.php?rest_route=%2Fwp%2Fv2%2Fmedia&parent=141"}],"curies":[{"name":"wp","href":"https:\/\/api.w.org\/{rel}","templated":true}]}}