{"id":2832,"date":"2025-04-30T10:17:26","date_gmt":"2025-04-30T09:17:26","guid":{"rendered":"https:\/\/poledanceaddict.net\/site\/?page_id=2832"},"modified":"2025-04-30T10:19:36","modified_gmt":"2025-04-30T09:19:36","slug":"cours-de-pole-exotic","status":"publish","type":"page","link":"https:\/\/poledanceaddict.net\/site\/?page_id=2832","title":{"rendered":"Cours de Pole Exotic"},"content":{"rendered":"\n<p>POLE EXOTIC<\/p>\n\n\n\n<p>Sensualit\u00e9, fluidit\u00e9 et cardio&#8230;!<\/p>\n\n\n\n<p>Envie d\u2019explorer une autre facette de la pole dance ? Le Pole Exotic vous plonge dans un univers sensuel et puissant, o\u00f9 chaque mouvement raconte une histoire. On y danse souvent en talons, parfois pieds nus, toujours dans une ambiance tamis\u00e9e propice au l\u00e2cher-prise.<\/p>\n\n\n\n<p>Vous d\u00e9couvrez une nouvelle chor\u00e9graphie m\u00ealant jeux de jambes, body waves, travail du sol, musicalit\u00e9 et expression de soi. L\u2019objectif ? Gagner en fluidit\u00e9, en confiance, et prendre du plaisir \u00e0 bouger autrement.<\/p>\n\n\n\n<p>Que vous soyez attir\u00e9\u00b7e par l\u2019esth\u00e9tique, le challenge technique ou simplement l\u2019envie de vous reconnecter \u00e0 votre corps, le Pole Exotic est une exp\u00e9rience \u00e0 part enti\u00e8re.<\/p>\n\n\n\n<p>Important : cette discipline demande une bonne ma\u00eetrise des bases de la pole. Les cours sont donc accessibles \u00e0 partir du niveau D\u00e9butant 1.<\/p>\n\n\n\n<figure class=\"wp-block-image size-large\"><img loading=\"lazy\" decoding=\"async\" width=\"1024\" height=\"966\" src=\"https:\/\/poledanceaddict.net\/site\/wp-content\/uploads\/2025\/04\/Capture-decran-2025-04-30-a-11.18.00-1024x966.png\" alt=\"\" class=\"wp-image-2834\" srcset=\"https:\/\/poledanceaddict.net\/site\/wp-content\/uploads\/2025\/04\/Capture-decran-2025-04-30-a-11.18.00-1024x966.png 1024w, https:\/\/poledanceaddict.net\/site\/wp-content\/uploads\/2025\/04\/Capture-decran-2025-04-30-a-11.18.00-300x283.png 300w, https:\/\/poledanceaddict.net\/site\/wp-content\/uploads\/2025\/04\/Capture-decran-2025-04-30-a-11.18.00-768x725.png 768w, https:\/\/poledanceaddict.net\/site\/wp-content\/uploads\/2025\/04\/Capture-decran-2025-04-30-a-11.18.00-318x300.png 318w, https:\/\/poledanceaddict.net\/site\/wp-content\/uploads\/2025\/04\/Capture-decran-2025-04-30-a-11.18.00.png 1380w\" sizes=\"auto, (max-width: 1024px) 100vw, 1024px\" \/><\/figure>\n","protected":false},"excerpt":{"rendered":"<p>POLE EXOTIC Sensualit\u00e9, fluidit\u00e9 et cardio&#8230;! Envie d\u2019explorer une autre facette de la pole dance ? Le Pole Exotic vous plonge dans un univers sensuel &hellip;<\/p>\n","protected":false},"author":2,"featured_media":0,"parent":0,"menu_order":0,"comment_status":"closed","ping_status":"closed","template":"","meta":{"footnotes":""},"class_list":["post-2832","page","type-page","status-publish","hentry"],"_links":{"self":[{"href":"https:\/\/poledanceaddict.net\/site\/index.php?rest_route=\/wp\/v2\/pages\/2832","targetHints":{"allow":["GET"]}}],"collection":[{"href":"https:\/\/poledanceaddict.net\/site\/index.php?rest_route=\/wp\/v2\/pages"}],"about":[{"href":"https:\/\/poledanceaddict.net\/site\/index.php?rest_route=\/wp\/v2\/types\/page"}],"author":[{"embeddable":true,"href":"https:\/\/poledanceaddict.net\/site\/index.php?rest_route=\/wp\/v2\/users\/2"}],"replies":[{"embeddable":true,"href":"https:\/\/poledanceaddict.net\/site\/index.php?rest_route=%2Fwp%2Fv2%2Fcomments&post=2832"}],"version-history":[{"count":2,"href":"https:\/\/poledanceaddict.net\/site\/index.php?rest_route=\/wp\/v2\/pages\/2832\/revisions"}],"predecessor-version":[{"id":2836,"href":"https:\/\/poledanceaddict.net\/site\/index.php?rest_route=\/wp\/v2\/pages\/2832\/revisions\/2836"}],"wp:attachment":[{"href":"https:\/\/poledanceaddict.net\/site\/index.php?rest_route=%2Fwp%2Fv2%2Fmedia&parent=2832"}],"curies":[{"name":"wp","href":"https:\/\/api.w.org\/{rel}","templated":true}]}}